{"id":448,"date":"2020-11-14T14:55:36","date_gmt":"2020-11-14T14:55:36","guid":{"rendered":"http:\/\/florenciaruiz.com\/web\/?page_id=448"},"modified":"2025-02-11T18:17:44","modified_gmt":"2025-02-11T18:17:44","slug":"floshirts","status":"publish","type":"page","link":"https:\/\/florenciaruiz.com\/web\/floshirts\/","title":{"rendered":"Camisetas"},"content":{"rendered":"\t\t<div data-elementor-type=\"wp-page\" data-elementor-id=\"448\" class=\"elementor elementor-448\" data-elementor-post-type=\"page\">\n\t\t\t\t\t\t<section class=\"elementor-section elementor-top-section elementor-element elementor-element-61caee2 elementor-section-stretched elementor-section-full_width elementor-section-height-default elementor-section-height-default\" data-id=\"61caee2\" data-element_type=\"section\" data-settings=\"{&quot;stretch_section&quot;:&quot;section-stretched&quot;}\">\n\t\t\t\t\t\t<div class=\"elementor-container elementor-column-gap-default\">\n\t\t\t\t\t<div class=\"elementor-column elementor-col-100 elementor-top-column elementor-element elementor-element-511d0cff\" data-id=\"511d0cff\" data-element_type=\"column\">\n\t\t\t<div class=\"elementor-widget-wrap elementor-element-populated\">\n\t\t\t\t\t\t<div class=\"elementor-element elementor-element-5eea02d elementor-widget elementor-widget-html\" data-id=\"5eea02d\" data-element_type=\"widget\" data-widget_type=\"html.default\">\n\t\t\t\t<div class=\"elementor-widget-container\">\n\t\t\t\t\t<div id=\"myShop\">\n    <a href=\"https:\/\/floshirts.myspreadshop.es\">floshirts<\/a>\n<\/div>\n\n<script>\n    var spread_shop_config = {\n        shopName: 'floshirts',\n        locale: 'es_ES',\n        prefix: 'https:\/\/floshirts.myspreadshop.es',\n        baseId: 'myShop'\n    };\n<\/script>\n\n<script type=\"text\/javascript\"\n        src=\"https:\/\/floshirts.myspreadshop.es\/shopfiles\/shopclient\/shopclient.nocache.js\">\n<\/script>\t\t\t\t<\/div>\n\t\t\t\t<\/div>\n\t\t\t\t<div class=\"elementor-element elementor-element-6497aad elementor-view-default elementor-position-top elementor-mobile-position-top elementor-widget elementor-widget-icon-box\" data-id=\"6497aad\" data-element_type=\"widget\" data-widget_type=\"icon-box.default\">\n\t\t\t\t<div class=\"elementor-widget-container\">\n\t\t\t\t\t\t\t<div class=\"elementor-icon-box-wrapper\">\n\n\t\t\t\t\t\t<div class=\"elementor-icon-box-icon\">\n\t\t\t\t<span  class=\"elementor-icon\">\n\t\t\t\t<i aria-hidden=\"true\" class=\"far fa-heart\"><\/i>\t\t\t\t<\/span>\n\t\t\t<\/div>\n\t\t\t\n\t\t\t\t\t\t<div class=\"elementor-icon-box-content\">\n\n\t\t\t\t\t\t\t\t\t<h3 class=\"elementor-icon-box-title\">\n\t\t\t\t\t\t<span  >\n\t\t\t\t\t\t\t<h1 class=\"elementor-heading-title elementor-size-xl elementor-inline-editing pen\" data-elementor-setting-key=\"title\" data-pen-placeholder=\"Teclea aqu\u00ed...\" style=\"font-size: 29px; font-weight: 600; color: rgb(0, 6, 5); font-family: Archivo, sans-serif; -webkit-text-stroke: 1px rgb(0, 0, 0); stroke-width: 1px; stroke: rgb(0, 0, 0);\">Indumentaria Responsable<\/h1>\t\t\t\t\t\t<\/span>\n\t\t\t\t\t<\/h3>\n\t\t\t\t\n\t\t\t\t\t\t\t\t\t<p class=\"elementor-icon-box-description\">\n\t\t\t\t\t\tTodos los Productos son producidos por Energ\u00edas Renovables. La colecci\u00f3n sostenible, con m\u00faltiples certificaciones, est\u00e1 fabricada con tejidos ecol\u00f3gicos y respetuosos con el medio ambiente. Impresi\u00f3n profesional de la mejor calidad. No hacemos una sobreproducci\u00f3n gracias a la impresi\u00f3n bajo demanda.\n\t\t\t\t\t<\/p>\n\t\t\t\t\n\t\t\t<\/div>\n\t\t\t\n\t\t<\/div>\n\t\t\t\t\t\t<\/div>\n\t\t\t\t<\/div>\n\t\t\t\t<div class=\"elementor-element elementor-element-6b287a3 elementor-widget elementor-widget-heading\" data-id=\"6b287a3\" data-element_type=\"widget\" data-widget_type=\"heading.default\">\n\t\t\t\t<div class=\"elementor-widget-container\">\n\t\t\t\t\t<h2 class=\"elementor-heading-title elementor-size-default\">Solo elige el dise\u00f1o y con un clic  lo recibir\u00e1s en tu casa<\/h2>\t\t\t\t<\/div>\n\t\t\t\t<\/div>\n\t\t\t\t<div class=\"elementor-element elementor-element-80fc4a5 elementor-widget elementor-widget-spacer\" data-id=\"80fc4a5\" data-element_type=\"widget\" data-widget_type=\"spacer.default\">\n\t\t\t\t<div class=\"elementor-widget-container\">\n\t\t\t\t\t\t\t<div class=\"elementor-spacer\">\n\t\t\t<div class=\"elementor-spacer-inner\"><\/div>\n\t\t<\/div>\n\t\t\t\t\t\t<\/div>\n\t\t\t\t<\/div>\n\t\t\t\t\t<\/div>\n\t\t<\/div>\n\t\t\t\t\t<\/div>\n\t\t<\/section>\n\t\t\t\t<\/div>\n\t\t","protected":false},"excerpt":{"rendered":"<p>floshirts Indumentaria Responsable Todos los Productos son producidos por Energ\u00edas Renovables. La colecci\u00f3n sostenible, con m\u00faltiples certificaciones, est\u00e1 fabricada con tejidos ecol\u00f3gicos y respetuosos con el medio ambiente. Impresi\u00f3n profesional de la mejor calidad. No hacemos una sobreproducci\u00f3n gracias a la impresi\u00f3n bajo demanda. Solo elige el dise\u00f1o y con un clic lo recibir\u00e1s en &hellip; <a href=\"https:\/\/florenciaruiz.com\/web\/floshirts\/\" class=\"more-link\">Seguir leyendo <span class=\"screen-reader-text\">Camisetas<\/span> <span class=\"meta-nav\">&rarr;<\/span><\/a><\/p>\n","protected":false},"author":1,"featured_media":0,"parent":0,"menu_order":0,"comment_status":"closed","ping_status":"closed","template":"elementor_header_footer","meta":{"footnotes":""},"class_list":["post-448","page","type-page","status-publish","hentry"],"_links":{"self":[{"href":"https:\/\/florenciaruiz.com\/web\/wp-json\/wp\/v2\/pages\/448","targetHints":{"allow":["GET"]}}],"collection":[{"href":"https:\/\/florenciaruiz.com\/web\/wp-json\/wp\/v2\/pages"}],"about":[{"href":"https:\/\/florenciaruiz.com\/web\/wp-json\/wp\/v2\/types\/page"}],"author":[{"embeddable":true,"href":"https:\/\/florenciaruiz.com\/web\/wp-json\/wp\/v2\/users\/1"}],"replies":[{"embeddable":true,"href":"https:\/\/florenciaruiz.com\/web\/wp-json\/wp\/v2\/comments?post=448"}],"version-history":[{"count":33,"href":"https:\/\/florenciaruiz.com\/web\/wp-json\/wp\/v2\/pages\/448\/revisions"}],"predecessor-version":[{"id":976,"href":"https:\/\/florenciaruiz.com\/web\/wp-json\/wp\/v2\/pages\/448\/revisions\/976"}],"wp:attachment":[{"href":"https:\/\/florenciaruiz.com\/web\/wp-json\/wp\/v2\/media?parent=448"}],"curies":[{"name":"wp","href":"https:\/\/api.w.org\/{rel}","templated":true}]}}