{"id":1181,"date":"2025-12-26T17:02:53","date_gmt":"2025-12-26T17:02:53","guid":{"rendered":"https:\/\/florenciaruiz.com\/web\/?post_type=product&#038;p=1181"},"modified":"2025-12-28T16:07:22","modified_gmt":"2025-12-28T16:07:22","slug":"kimono-rayas","status":"publish","type":"product","link":"http:\/\/florenciaruiz.com\/web\/product\/kimono-rayas\/","title":{"rendered":"Kimono rayas"},"content":{"rendered":"<p class=\"cvGsUA direction-ltr align-start para-style-body\"><span class=\"a_GcMg font-feature-liga-off font-feature-clig-off font-feature-calt-off text-decoration-none text-strikethrough-none\">Todas las telas son tejidos naturales, viscosa y camisera. Volumen, movimiento y presencia. Dise\u00f1o c\u00f3modo y fluido.<\/span><\/p>\n<p class=\"cvGsUA direction-ltr align-start para-style-body\"><span class=\"a_GcMg font-feature-liga-off font-feature-clig-off font-feature-calt-off text-decoration-none text-strikethrough-none\">Modelo \u00fanico e Irrepetible.<\/span><\/p>\n","protected":false},"excerpt":{"rendered":"<p>Esta prenda tiene una larga historia porque est\u00e1 hecha de tantas otras prendas.<\/p>\n<p class=\"cvGsUA direction-ltr align-start para-style-body\"><span class=\"a_GcMg font-feature-liga-off font-feature-clig-off font-feature-calt-off text-decoration-none text-strikethrough-none\">Esta compuesta por 6 prendas diferentes, cada parte procede de una prenda diversa. <\/span><span class=\"a_GcMg font-feature-liga-off font-feature-clig-off font-feature-calt-off text-decoration-none text-strikethrough-none\">El volante era una falda, los bolsillos de un pantal\u00f3n, las mangas ven\u00edan de un vestido, el canes\u00fa de otro pantal\u00f3n, el bies delantero de una bata y el cuerpo, la tela celeste era una s\u00e1bana.<\/span><\/p>\n<p>Por Promoci\u00f3n Lanzamiento se aplica el 20% de descuento.<\/p>\n","protected":false},"featured_media":1182,"template":"","meta":[],"class_list":["post-1181","product","type-product","status-publish","has-post-thumbnail","hentry","product_cat-venta-ropa-arte-para-usar","product_tag-arte-usable","product_tag-kimono-unico","product_tag-ropas-con-historia"],"_links":{"self":[{"href":"http:\/\/florenciaruiz.com\/web\/wp-json\/wp\/v2\/product\/1181","targetHints":{"allow":["GET"]}}],"collection":[{"href":"http:\/\/florenciaruiz.com\/web\/wp-json\/wp\/v2\/product"}],"about":[{"href":"http:\/\/florenciaruiz.com\/web\/wp-json\/wp\/v2\/types\/product"}],"wp:featuredmedia":[{"embeddable":true,"href":"http:\/\/florenciaruiz.com\/web\/wp-json\/wp\/v2\/media\/1182"}],"wp:attachment":[{"href":"http:\/\/florenciaruiz.com\/web\/wp-json\/wp\/v2\/media?parent=1181"}],"curies":[{"name":"wp","href":"https:\/\/api.w.org\/{rel}","templated":true}]}}